en 5*-7*(-6)/j is divided by 21 - ((-5)/(-1) - -4)?
10
Calculate the remainder when 488 is divided by 3*8/42*1008/48.
8
Suppose 2*w + 0*w - 26 = 0. Suppose 8*j - w*j + 15 = 0. Suppose 0*r = -j*r + 21. Calculate the remainder when r is divided by 2.
1
Let z = 3578 - 3524. Calculate the remainder when 132 is divided by z.
24
Let c(x) = x - 6*x**2 + 4 - 3 + x**3 - 1. Suppose -2*z + 14 + 2 = 0. Calculate the remainder when z is divided by c(6).
2
Let y(l) = -81*l - 941. Calculate the remainder when 754 is divided by y(-14).
175
Let z = -5721 - -8874. Suppose -z = -23*b - 255. Calculate the remainder when b is divided by 32.
30
Suppose -183 = -3*q + 51. Suppose 4*o + 10*o - 213 = 109. Calculate the remainder when q is divided by o.
9
Suppose 2*a = 3*h + 695 + 3033, -5570 = -3*a - h. Calculate the remainder when a is divided by 93.
91
Suppose 9*u = -18*u + 3024. Let z = -70 + u. What is the remainder when 81 is divided by z?
39
Let z be (4 - 5) + 3 + -4. Let v(m) = -17*m + 4. Let n be v(z). Suppose -76 = -3*r + n. Calculate the remainder when r is divided by 13.
12
Suppose 116*d + 6581 = 26881. Let v(r) = -r**3 + 12*r**2 + 4*r - 9. What is the remainder when d is divided by v(12)?
19
Let p(r) = 2*r - 1. Let k(f) = 4*f - 66. Let n(v) = k(v) - 8*p(v). What is the remainder when 96 is divided by n(-7)?
18
Let s = -5407 - -5642. Calculate the remainder when s is divided by 27.
19
Let w = 4045 + -3931. Calculate the remainder when 260 is divided by w.
32
Let d(c) be the third derivative of 5*c**4/8 - 13*c**3/3 + 6*c**2. Let s be d(4). Suppose 4*i = -s + 314. Calculate the remainder when i is divided by 24.
22
Suppose 5*o + 23 = 103. Calculate the remainder when (-9172)/(-22) + o/176 is divided by 6.
3
Let z = 1041 - 501. Let f = z + -508. Calculate the remainder when f is divided by (2/4)/(1/34).
15
Calculate the remainder when (-35)/3*(-36210)/497 is divided by 848.
2
What is the remainder when 638 is divided by ((-1)/(-11) - 96/(-880))*355?
70
Let s = -262 + 338. What is the remainder when s is divided by (-6)/(-5)*(-160)/(-12)?
12
Suppose 0 = 69*i - 3470 + 227. What is the remainder when 230 is divided by i?
42
What is the remainder when ((-4131)/1215)/(1/(-370)) is divided by 14?
12
Let a = 11 - -47. What is the remainder when (a*(-10)/(-80))/(2/8) is divided by 11?
7
Let i = -790 + 461. Let k = -227 - i. Let z(p) = -p**2 - 13*p + 13. Calculate the remainder when k is divided by z(-11).
32
Calculate the remainder when 439 is divided by 2982/42 + -10 + 2 - -7.
19
Suppose 9*h - 5*t + 1193 = 10*h, t = -4*h + 4772. Calculate the remainder when h is divided by 6.
5
Let m be 6/4 + (-44)/8. Let x = m + 4. Calculate the remainder when 102 is divided by -21*(x - 3)/3.
18
Let d(v) = 45*v**3 - 78*v**2 + 388*v + 49. Calculate the remainder when d(5) is divided by 71.
55
Suppose 0 = 3*k - 5 - 1. Calculate the remainder when ((-4)/8)/((-4)/(-4968)*-9) is divided by (-6)/(-3)*35/k.
34
Let w(r) = -r**3 - 6*r**2 - 11*r - 1. Let u(k) = -2*k**2 + 14*k - 14. Let h be u(6). Suppose 0 = -o - 0*o + 7. What is the remainder when o is divided by w(h)?
2
Let m(h) = -6*h**3 + 192*h**2 - 6*h + 224. Calculate the remainder when m(32) is divided by 25.
7
Let x be ((-60)/(-18))/(1/(-3)). What is the remainder when 61 is divided by x/(-40) + (-135)/(-4)?
27
Suppose -103460 = -625*j + 485*j. Calculate the remainder when j is divided by 195.
154
Let t = -1908 - -1912. Calculate the remainder when 58 is divided by t.
2
Let z(g) = -45*g - 245. Calculate the remainder when z(-11) is divided by 4.
2
Let x = 18526 + 6703. Calculate the remainder when x is divided by 76.
73
Let w(o) = -33*o - 210. Let n = 215 - 222. What is the remainder when 53 is divided by w(n)?
11
Let s(c) = 6*c - 10. Let q be s(1). Let h(o) be the second derivative of o**4/4 + 7*o**3/6 + 5*o**2/2 + 4*o. What is the remainder when h(q) is divided by 9?
7
Suppose 460 = 5*i - i + 5*c, -c = 2*i - 236. Let p = i - 56. Calculate the remainder when p is divided by (-2)/(-1) + 8 - (-30 + 34).
4
Let d(l) = -13*l - 269. Let k(r) = -66*r - 1352. Let w(n) = -14*d(n) + 3*k(n). Calculate the remainder when w(-22) is divided by (-1)/3 - 56/(-6).
8
Suppose -3*w + 160 = 2*v, 0 = -172*v + 173*v + 1. What is the remainder when 1403 is divided by w?
53
Suppose 10*j = 25*j - 506 - 319. Calculate the remainder when 101 is divided by j.
46
Let m be -3*794/6 - 4. Let y = m + 448. What is the remainder when y is divided by 8?
7
Suppose 4*t + 49 = 57. Let s(n) = 9*n**t - 20*n**2 + 16*n**2 - 5*n + 2 + n**3. What is the remainder when 73 is divided by s(-4)?
35
Suppose -5*a + 12 = -198. Let f be (-7)/49*0 - 378. Let b = f - -460. Calculate the remainder when b is divided by a.
40
Let i(g) = 3*g**3 - 68*g + 287. Calculate the remainder when 588 is divided by i(4).
174
Let m = -244 + 238. What is the remainder when 33 is divided by (20/m - -3)/(1/(-39))?
7
Let i = -903 - -907. Suppose i*g - 452 = -4*k - 0*g, 2*g = k - 128. Calculate the remainder when k is divided by 22.
8
Suppose 312*y = 6457 + 10703. Let o(w) = -162*w**3 + 2*w**2 - 1. Calculate the remainder when o(-1) is divided by y.
53
Calculate the remainder when 878 is divided by (39/91 + 2007/21)/(15/40).
110
Let a = 36556 + -31140. Calculate the remainder when a is divided by 18.
16
Let s(t) = -t**3 + 5*t**2 + 3*t + 3. What is the remainder when s(4) is divided by ((1 + 1)*-1)/(80/(-680))?
14
Let z(l) = l**2 - 5*l - 11. Let g be z(7). Let f be 2*(2 + -3 + g) - 3. Calculate the remainder when (f + -4 + 0)*6854/(-138) is divided by 30.
29
Let x be (-668)/(-44) + 10/(-55). Let b = 15 - 5. Calculate the remainder when 193/x + (-8)/(-60) is divided by b.
3
Suppose -4*m + 70 = n - 68, -4*m + 3*n + 130 = 0. Let o(l) = 22*l - 36. Let f be o(13). Let k = 385 - f. What is the remainder when k is divided by m?
33
Let h be 112/(-24)*(-216)/21. Suppose 6*j + h = 3*j. Let c = j + 24. What is the remainder when 46 is divided by c?
6
Let v = 758 - 302. What is the remainder when 2746 is divided by v?
10
Let i(v) be the third derivative of v**5/60 - 41*v**3/6 - 19*v**2. Calculate the remainder when 14 is divided by i(-7).
6
Suppose -1003 + 243 = -95*u. What is the remainder when 115 is divided by u?
3
Suppose -4*m + 957 = 4*i + i, 0 = m - 2*i - 223. What is the remainder when m is divided by 64?
41
Suppose 2*b + 21 = u - 63, 0 = u + 5*b - 105. Let w = u + -76. What is the remainder when w is divided by 4?
2
Let p = -2466 + 2473. Suppose 0*w - 31 = -w. Calculate the remainder when w is divided by p.
3
Suppose -4*w - 4*x + 4 + 4 = 0, -3*w = -5*x + 26. Let b be ((-20)/8 - w)*(3 + 1). Calculate the remainder when 32 is divided by b/((-8)/(-9))*(-16)/3.
8
Let w = 8311 + -8290. What is the remainder when (9/12)/((-2)/(-552)) is divided by w?
18
Let f = 46 - 46. Suppose 3*b - 126 + 39 = f. What is the remainder when 317 is divided by b?
27
Let x(w) = w**3 - 8*w**2 + 8*w - 4. Suppose 4*r = 5*k + 148, -5*r - 23*k = -18*k - 230. What is the remainder when r is divided by x(7)?
0
Let h be 230/(-19) + (-8)/(-76). Let p be (h/(-4))/(3/27). Let m = p - 21. What is the remainder when 10 is divided by m?
4
Let l(s) = s**3 + 4287*s**2 - 9 - 4309*s**2 + 29*s - 7*s. Let b(c) = -c**3 + c + 21. Let t be b(0). What is the remainder when 43 is divided by l(t)?
7
Suppose 164*t = 146*t + 4536. Suppose 26*g - 5*g - t = 0. Calculate the remainder when 71 is divided by g.
11
Suppose 0 = c - 3*r - 2244, -5*r = -16*c + 21*c - 11240. What is the remainder when c is divided by 43?
11
Suppose -3*h = 2*q + 5, 5*q - 3*q = -h + 5. Suppose 8*o = 123 + q. What is the remainder when (-3)/12 - (-245)/4 is divided by o?
13
Let g be (-4)/(-6) - (-2)/6*2302. Let x = -720 + g. What is the remainder when x is divided by 4?
0
Let d = 270 + -150. Let m be (-20)/d + (-175)/(-6). Let l = m - -10. What is the remainder when l is divided by 12?
3
Suppose -3*m + 5*b + 71 = -1823, -m = 4*b - 620. What is the remainder when 639 is divided by m?
11
Calculate the remainder when 345 is divided by -52*(55/(-22) + -1).
163
Suppose -u = -11*u + 700. Let q be u*(2/3)/(10/(-6)). Let o = 32 + q. Calculate the remainder when 19 is divided by o.
3
Let a(i) = i + 13. Let v be a(-8). Suppose s + v*s - 18 = 0. Suppose -36 + 246 = s*q. Calculate the remainder when q i